tens digit of f?
3
Suppose 5*h - 24 = -3*n, -4*n - 2 = h - 0. Suppose 3*y = 3*l + h, -5 = -3*y + l - 1. What is the tens digit of 1568/24 - y/3?
6
Let u be 3/(2/412*-2). Let k = -9 + u. What is the tens digit of k/4*24/(-36)?
5
What is the units digit of (-17)/(51/(-18483)) - (-3 - -3)?
1
Suppose 4*n - 3*k + 53 = -n, -44 = 4*n - 2*k. Let g be (3 - n/(-3))*(2 + -5). What is the units digit of (-138)/(-18) - -1 - g/6?
8
Let t(r) = -6*r - 15. Let j be t(-8). Let s = 57 - j. Let o = 49 + s. What is the tens digit of o?
7
Suppose 38*t + 55*t - 820832 = 249877. What is the hundreds digit of t?
5
Let j(m) = m**2 - 3*m + 2. Let i be 3 - (2 + (-1 - 0)). Let z be j(i). Let g(k) = k**2 + k + 46. What is the tens digit of g(z)?
4
Suppose 15 = 3*w - 0. Suppose 0 = -w*u - 33 + 8. Let t(y) = -37*y + 4. What is the hundreds digit of t(u)?
1
Let h = -30789 - -48841. What is the thousands digit of h?
8
Suppose -34528 = -26*x + 196846. What is the tens digit of x?
9
Let i(x) = 33*x**2 + 22*x + 247. What is the units digit of i(-23)?
8
Suppose -77*s + 49*s + 141820 = 0. What is the tens digit of s?
6
Suppose 48 = -8*h - 4*h. Let q be 12/h*(3/3)/(-1). Suppose 4560 = 16*i + q*i. What is the units digit of i?
0
Suppose 2*x + 4*c + 1 - 9 = 0, -2*x = -4*c. Suppose x*h = -4*j + 5*j + 454, 2*j = -8. What is the tens digit of h?
2
Let o(f) = -285*f - 683. What is the thousands digit of o(-35)?
9
Let a(t) = -t**3 - 18*t**2 + 29*t + 52. Let o be a(-20). Suppose -4*s - 1016 = -4*p, -o - 244 = 2*s - 4*p. What is the units digit of (-10)/(-15) - s/3?
4
Suppose 5*h - 2*r + 10 = 35, 0 = 3*h - 5*r - 34. Suppose h + 18 = -5*o - 3*i, -2*i = o. Let c(w) = -15*w + 64. What is the units digit of c(o)?
4
Let f = 11773 + -3557. What is the units digit of f?
6
Let y(f) = 108*f**2 + 4*f - 1. Let k be y(1). Suppose -4*p = -k + 7. What is the units digit of p?
6
Suppose -24*l + 82 = -62. What is the tens digit of 2680/(-2 + l) - -5?
7
Let m(t) = 28*t + 142 - 22 + 49*t - 64 + 223. What is the hundreds digit of m(13)?
2
Let g be (0/(-7) + -4)/(8/(-6)). Suppose 4*b = -g*c + 637 + 766, -b + 5 = 0. What is the units digit of c?
1
Suppose 0 = -3*b - 4*y + 91498 + 113926, 3*y - 68463 = -b. What is the ten thousands digit of b?
6
Suppose -2*l - 4988 = 4*k - 13192, k = -2*l + 2060. What is the units digit of k?
8
Suppose 601289 = 101*r + 28*r + 141017. What is the units digit of r?
8
Let d = 4994 - 3450. Suppose -39*w + d = -31*w. What is the tens digit of w?
9
Let h be (-14)/7 - (-1552)/(8 - 4). Suppose 0 = 5*a + 5, -x + 2*a = 2*x - h. What is the tens digit of x?
2
Suppose 103 + 72 = -7*l. Let d = l - -34. Suppose d*n - 252 = 513. What is the units digit of n?
5
Let j be (2 + (-4 - -2))*(-7)/(-14). Suppose -23*x - 7*x + 60 = j. What is the units digit of x?
2
Suppose 0 = g - 0*g + 5*z + 18, -4*g = -4*z - 24. Suppose 0 = g*a + 9*a - 2211. What is the units digit of a?
1
Let d = -1357 + 2752. What is the hundreds digit of d?
3
Suppose -2*w + 5*p = -2670, 5*w + 9*p = 4*p + 6745. Suppose 0 = 11*b - 1559 - w. What is the units digit of b?
4
Let s(g) = -2 + 19*g**2 - 6*g - 11*g**2 - 4 - 9*g**2. Let y be s(-3). Suppose 5*h - 32 = y*h. What is the tens digit of h?
1
Let h be 230/55 + (-2)/11. Suppose 4*j + h*l = 580, -4*j - 50*l + 45*l + 577 = 0. What is the tens digit of j?
4
Let m = -179 - -149. What is the units digit of (m/(-8))/((-6)/(-8)) - -555?
0
Let b = 20 - 10. Let h(c) = 21*c**2 + 3*c - 17. Let l be h(2). Let o = b + l. What is the tens digit of o?
8
Let m(h) = -3*h - 10*h + 4*h + 20*h**2 + 49*h**2 + 14. What is the units digit of m(3)?
8
Let d(h) = -37*h**2 + 47 + h**3 + 557*h - 596*h + 33. What is the units digit of d(39)?
1
Suppose -230205 = -5*n + 69*m - 72*m, 3*n + 2*m - 138122 = 0. What is the ten thousands digit of n?
4
What is the thousands digit of ((-50816)/192)/(6/(-99))?
4
Suppose 3*w + 16*q - 19*q - 4119 = 0, -2*q = -6*w + 8230. What is the thousands digit of w?
1
Let g be ((-280)/(-24) - 5)*3/2. Let m(c) = 181*c - 21. Let l be m(g). Suppose 554 = -5*w + l. What is the units digit of w?
7
Suppose 80*d = 71*d + 12852. Suppose d + 795 = 3*h. What is the tens digit of h?
4
Let v be -1 + (-5 - (-3 + -3)). Suppose v = -0*w + 5*w - f - 10, 3*w - 5*f = 6. Suppose -3*r - 130 = 5*h - 992, w*h - 4*r = 350. What is the tens digit of h?
7
Suppose 5*m + 36561 = 3*v - 0*v, -v + 7313 = -m. What is the units digit of (-18)/(-48) + m/(-24)?
5
Let g(q) = 2*q**2 - 110*q - 5518. What is the tens digit of g(93)?
5
Suppose 0 = 289*s - 267*s + 22792. Let n = -519 - s. What is the units digit of n?
7
Let g(x) = 25*x**2 + 128*x + 104. What is the units digit of g(26)?
2
Let t(q) = 205*q**2 - 3*q + 10. Let x be t(-3). Let h = -1200 + x. What is the tens digit of h?
6
Suppose 20*v + 107 = -53. Let l(g) = 13*g**2 + 19*g + 128. What is the tens digit of l(v)?
0
Suppose 2060 - 6845 = -4*z - h, -4*z + 2*h = -4794. Let d = -648 + z. What is the units digit of d?
9
Suppose 781939 + 190053 = 86*j - 58*j. What is the thousands digit of j?
4
Let t(u) be the first derivative of 42*u**2 - 85*u + 68. What is the hundreds digit of t(6)?
4
Let i be (-1)/(-3) + 708/36*55. Let k = i + 315. What is the hundreds digit of k?
3
Suppose 5*o - 3*f = 1658, 4*o - 5*f - 793 - 536 = 0. Suppose 0 = -v - 2*q - 3*q + o, -1004 = -3*v - 4*q. What is the units digit of v?
6
Let d = -2263 + 6347. What is the hundreds digit of d?
0
Let y(q) be the second derivative of 25*q**4/12 + q**3/3 - 47*q**2 - 9*q + 2. What is the tens digit of y(7)?
4
Let x(n) = -4*n**2 - n + 14. Let m(p) = p**2 - p. Let q(r) = 6*m(r) + x(r). Suppose -141*a + 1494 = 108*a. What is the tens digit of q(a)?
4
Suppose 0 = 45099*m - 45124*m + 104920 + 168255. What is the ten thousands digit of m?
1
Suppose -m + 6 = 8. Let t be m + 70/49 - (-8)/14. Suppose t*f - 3*f + 275 = 4*i, -4*f + 396 = -2*i. What is the tens digit of f?
9
Let k be (-9)/(-3) + (10 - -4504). Suppose 0 = 10*d + 1237 - k. What is the hundreds digit of d?
3
Let i = -787 - -805. What is the thousands digit of ((-33)/(-77))/(i/21)*3390?
1
Let s = 8433 + -4164. What is the units digit of s?
9
Suppose 81*d + 21320 = j + 84*d, 5*j + 3*d - 106660 = 0. What is the units digit of j?
5
Let i be 2 - -1*(3 + -5 - -9). Let g(v) = 6*v**2 + 21*v - 1. What is the units digit of g(i)?
4
Let n(q) = -1569*q - 222. What is the ten thousands digit of n(-15)?
2
Suppose -g + 3*f - 10 = 0, 5*f = 4*g - 3 + 36. Let z(k) = 9*k - 7*k - 10*k + 37. What is the tens digit of z(g)?
9
Suppose 2*a - 4*u - 4 = 0, 4*u - 9 = -5. Suppose 4 = 6*v + a. Suppose -w = -v*w - 210. What is the tens digit of w?
1
Let j = -5 - -11319. What is the thousands digit of j?
1
Suppose 16 = -5*p - 4. Suppose -4*y - 4924 = 4*n, -2*y + 7*y = -3*n - 3691. What is the units digit of n/(-20) - p/10?
2
Suppose -4*d + 2*r = -4, -5*r + 12 = 5*d - 23. Let u = d + 5. What is the units digit of 2 + 266/3 + u/(-12)?
0
Let m be 143514/(-105) + (-1)/5. Let p = 2385 + m. What is the thousands digit of p?
1
Suppose 208 = -p + 4*n, 2*p + n = -n - 376. What is the tens digit of (p - -11)*1/(-1)?
8
Let p = 10 + -153. Let t be 400*((-224)/70 + -1*(-4 - 0)). Let q = t + p. What is the tens digit of q?
7
Let g(i) = i**2 - 53*i - 185. Let w(m) = -18*m - 61. Let d(y) = 4*g(y) - 11*w(y). What is the hundreds digit of d(14)?
5
Suppose -i = -3, -p + 27*i + 24 = 28*i. What is the units digit of p?
1
Let t(k) = k**3 + 9*k**2 + 51*k - 35. What is the hundreds digit of t(13)?
3
Let v = 53 + -49. Suppose -v*u = u - u. Suppose -4*r + 651 - 139 = u. What is the units digit of r?
8
Let n(t) = t - 6. Suppose 0*y + 16 = -l + 4*y, 2*l - 4*y + 12 = 0. Let b(q) = -3*q + 24. Let p(j) = l*b(j) + 15*n(j). What is the units digit of p(8)?
0
Let f = 327 - 337. What is the hundreds digit of f*18/(-12)*(-97)/(-3)?
4
Let t = -46 + 29. Let d = t - 20. Let f = d - -103. What is the tens digit of f?
6
Let w = 521 - 236. What is the units digit of w - 2*((-15)/6 - -2)?
6
What is the ten thousands digit of 116182/5 + (-96)/(-60)?
2
Suppose -2*b = 4*p + 5669 - 33677, -4*b + 55995 = p. What is the thousands digit of b?
3
Suppose -2 = -4*s + 6. Suppose 0 = -s*c + 4*c - 13*c. Suppose -3*l + m = -47, c*l = 4*l - 4*m - 52. What is the tens digit of l?
1
Let m be 8877/9 + (-4 + 10)/(-18). Let r = 1428 - m. What 